**3 + 12*i**2 - 53*i - 138. Give s(-15).
-18
Let l(k) = 2*k**3 - 52*k**2 + 35*k - 880. Calculate l(26).
30
Let h(a) = 12103*a - 9706575. Calculate h(802).
31
Let x(h) = 14511*h + 391555. Give x(-27).
-242
Let i(b) = -b**2 - 118*b - 4281. Give i(-71).
-944
Let b(g) = 2*g**3 + 226*g**2 + 189*g - 4194. Determine b(-112).
-274
Let r(k) = -88*k**2 + 1870*k - 1778. Determine r(1).
4
Let j(v) = 113*v**2 - 2137*v - 55. Determine j(19).
135
Let z(p) = -166*p**2 + 6085*p - 12167. Determine z(2).
-661
Let q(z) = -696*z + 141985. Determine q(204).
1
Let t(m) = 240659*m + 6016448. What is t(-25)?
-27
Let z(o) = o**3 - 323*o**2 + 11603*o - 1570. Determine z(41).
111
Let q(y) = -3476*y + 660534. Determine q(190).
94
Let u(j) = 55*j**2 + 431*j - 59. Give u(-8).
13
Let w(a) = -28229*a + 47057736. Calculate w(1667).
-7
Let l(o) = 12941*o - 116526. What is l(9)?
-57
Let b(k) = -9230*k - 267623. Calculate b(-29).
47
Let y(f) = -15554*f - 6034955. Calculate y(-388).
-3
Let r(i) = i**3 + 82*i**2 - 1038*i - 227. Determine r(-93).
1168
Let z(g) = 6974*g + 146460. Calculate z(-21).
6
Let l(r) = -6*r**2 + 1055*r - 7307. Determine l(168).
589
Let x(z) = -141027*z - 705019. Calculate x(-5).
116
Let q(n) = -4*n**3 - 507*n**2 - 877*n - 182. What is q(-125)?
68
Let z(y) = 146*y**2 - 1879*y - 191. Calculate z(11).
-3194
Let j(z) = -60*z - 8996. Calculate j(-150).
4
Let n(w) = -w**2 - 14648*w - 1295753. Determine n(-89).
-2
Let r(n) = -n**3 + 206*n**2 - 6287*n + 1308. What is r(37)?
50
Let g(a) = -373*a**2 - 37302*a - 274. What is g(-100)?
-74
Let j(v) = 3*v**2 + 2709*v + 21559. Determine j(-8).
79
Let d(y) = -y**3 + 6*y**2 + 7742*y - 121313. Calculate d(16).
-1
Let g(i) = 223*i**2 - 12679*i - 1867. Calculate g(57).
-43
Let a(x) = 45*x**3 - 446*x**2 - 67*x + 289. Determine a(10).
19
Let q(k) = k**2 + 269168*k - 538348. What is q(2)?
-8
Let i(h) = -h**3 - 77*h**2 - 822*h + 444. Determine i(-64).
-196
Let g(a) = -2*a**2 - 128*a - 713. Give g(-56).
183
Let t(y) = 288*y**2 - 5758*y - 155. Calculate t(20).
-115
Let a(d) = 98673*d - 1776273. Give a(18).
-159
Let z(l) = -169064*l + 3888421. Determine z(23).
-51
Let s(h) = 366*h**3 + 86*h**2 - 207*h + 120. Determine s(1).
365
Let v(s) = 156*s**3 - 30885*s**2 - 598*s + 749. Give v(198).
-43
Let a(k) = k**2 - 4121125*k - 12363389. Give a(-3).
-5
Let d(b) = -88*b**2 - 4413*b - 175. What is d(-50)?
475
Let a(b) = 20*b**3 - 61*b**2 - 389*b + 21. Calculate a(-4).
-679
Let f(r) = 2*r**3 + 48*r**2 - 165*r - 2847. Give f(-25).
28
Let c(z) = 13483*z + 134612. Determine c(-10).
-218
Let i(a) = 545*a**2 + 6522*a - 222. Determine i(-12).
-6
Let d(r) = -55*r**2 - 23490*r - 1900. Determine d(-427).
235
Let w(m) = 13*m**3 + 1333*m**2 - 617*m + 104. Give w(-103).
1
Let d(j) = -j**3 + 46*j**2 + 259*j - 7861. Determine d(48).
-37
Let k(g) = 93*g**2 - 159*g + 546. Give k(4).
1398
Let b(l) = -l**3 - 36*l**2 - 228*l + 389. What is b(-24)?
-1051
Let b(x) = 2*x**3 - 7*x**2 + 919*x - 3647. Give b(4).
45
Let o(n) = 2914*n - 297226. Determine o(102).
2
Let h(q) = -93*q + 333. Determine h(3).
54
Let r(k) = -17*k**2 - 565*k - 4498. What is r(-15)?
152
Let a(f) = 2*f**3 + 399*f**2 + 1763*f + 1789. What is a(-195)?
229
Let v(u) = -709*u**2 - 16224*u + 1985. Give v(-23).
76
Let z(h) = 256*h - 1199. Calculate z(5).
81
Let l(d) = -63710*d - 318725. Calculate l(-5).
-175
Let x(o) = -1348*o - 307346. Give x(-228).
-2
Let m(s) = 10248*s**2 + 51225*s - 31. Calculate m(-5).
44
Let b(a) = -4655*a - 135001. Determine b(-29).
-6
Let c(p) = 13*p**2 + 1640*p + 6529. What is c(-4)?
177
Let h(n) = -66*n - 2349. What is h(-35)?
-39
Let u(a) = -4*a + 1674. Calculate u(423).
-18
Let g(t) = -85*t**2 - 8195*t + 13222. Calculate g(-98).
-8
Let v(i) = -75316*i - 1958185. Determine v(-26).
31
Let k(y) = -87531*y - 1225427. What is k(-14)?
7
Let o(y) = -9*y**2 + 3598*y - 9877. What is o(397)?
48
Let i(w) = -5*w**2 - 162*w - 1257. What is i(-20)?
-17
Let x(r) = -580*r**3 - 4*r**2 - 2*r + 2. Determine x(-1).
580
Let u(x) = -5*x**3 + 299*x**2 + 65*x - 277. Determine u(60).
23
Let x(p) = -p**3 - 135*p**2 - 1626*p - 179. Determine x(-13).
341
Let n(b) = b**3 + 24*b**2 - 972*b - 21727. Determine n(-21).
8
Let n(z) = -18*z**3 + 89*z**2 + 160*z - 26. Determine n(6).
250
Let z(m) = 103*m**2 + 2252*m - 292. What is z(-22)?
16
Let f(d) = 2*d**3 - 314*d**2 - 308*d - 605. What is f(158)?
659
Let t(j) = -4*j**3 + 275*j**2 - 201*j - 14. Calculate t(68).
190
Let f(n) = 151*n**2 + 19626*n + 448. Calculate f(-130).
968
Let u(s) = -3*s**2 - 184*s - 1244. What is u(-8)?
36
Let o(j) = 5035*j + 37247. Calculate o(-7).
2002
Let d(x) = 2*x**3 + 77*x**2 + 259*x + 102. What is d(-35)?
-388
Let c(k) = -k**3 + 14*k**2 - 26*k - 11. Determine c(16).
-939
Let k(q) = q**2 - 2977*q - 817183. What is k(-253)?
7
Let d(a) = -2*a**3 - 14*a**2 + 125*a + 1254. What is d(-13)?
1657
Let n(u) = 128641*u + 128689. Give n(-1).
48
Let f(d) = d**3 - 114*d**2 - 2674*d + 2. Give f(-20).
-118
Let u(j) = 1915*j - 28552. Determine u(14).
-1742
Let z(o) = 291*o**2 + 1466*o + 539. Calculate z(-4).
-669
Let p(k) = 550*k - 14323. Calculate p(26).
-23
Let n(i) = -4436*i + 66440. Give n(15).
-100
Let l(d) = -d**3 + 1840*d**2 + 31796*d - 421532. What is l(1857)?
7
Let b(j) = 53*j**2 + 6859*j - 62789. Determine b(-138).
1
Let p(q) = q**3 - 21*q**2 - q - 68. Determine p(21).
-89
Let c(m) = -13*m**2 + 6686*m + 124531. Determine c(-18).
-29
Let w(r) = -r**3 + 725*r**2 + 406612*r - 1487. Calculate w(-371).
-3
Let j(z) = -64*z**2 - 588*z - 3785. Calculate j(-6).
-2561
Let b(z) = -151*z - 23115. Give b(-152).
-163
Let i(h) = -h**3 - 10*h**2 + 190*h + 1807. Give i(-14).
-69
Let r(p) = -p**3 - 95*p**2 + 483*p - 213. Calculate r(-100).
1487
Let r(k) = -1465*k - 89371. Give r(-61).
-6
Let r(d) = -83291*d + 2831907. Calculate r(34).
13
Let j(i) = -2*i**2 + 45*i + 1395. Give j(-18).
-63
Let s(a) = 29*a**2 + 465*a + 9. Calculate s(-7).
-1825
Let f(y) = -3742*y + 7518. Calculate f(2).
34
Let y(r) = -r**3 - 102*r**2 - 1881*r - 38. Calculate y(-19).
5738
Let m(i) = -5*i**3 - 159*i**2 - 96*i - 282. Give m(-31).
-1150
Let k(q) = 20808*q + 4286426. Give k(-206).
-22
Let s(v) = -2*v**2 + 1627*v - 32277. Calculate s(20).
-537
Let u(n) = -n**3 + 16*n**2 + 151*n - 48. Give u(24).
-1032
Let j(o) = 49*o**2 - 1000*o - 567. Determine j(21).
42
Let k(v) = 437*v - 3443. Calculate k(8).
53
Let h(r) = r**2 - 572*r - 7599. Calculate h(-13).
6
Let b(n) = 50*n**3 + 15*n**2 - 76*n - 9. What is b(4)?
3127
Let w(z) = -z**3 + 64*z**2 - 27*z - 5823. Calculate w(62).
191
Let f(n) = 1269*n - 54990. Calculate f(44).
846
Let p(a) = -42*a**3 + 582*a**2 + 92*a - 119. Determine p(14).
-7
Let v(z) = -122*z**3 + 21*z**2 - z - 1. Determine v(2).
-895
Let d(s) = 13*s**2 + 1182*s - 115. Give d(-92).
1173
Let v(z) = -3*z**2 - 255*z + 5314. Determine v(18).
-248
Let y(o) = o**2 - 43*o - 8536. Determine y(116).
-68
Let w(g) = -1660*g**2 + 507969*g - 2748. Determine w(306).
6
Let l(q) = 2*q**2 - 502*q - 6185. What is l(-12)?
127
Let w(l) = 9752936*l + 48764687. Determine w(-5).
7
Let v(j) = j**3 - 75*j**2 + 206*j - 110. What is v(2)?
10
Let h(k) = -k**3 - 84*k**2 + 10*k + 308. Determine h(0).
308
Let b(q) = 19*q**2 + 541*q + 1079. Give b(-2).
73
Let s(p) = 1326*p**3 - 6629*p**2 + 29*p - 182. Give s(5).
-12
Let y(i) = -i**3 - 59*i**2 + 53*i - 2. Give y(1).
-9
Let j(v) = 7*v**3 + 814*v**2 + 245*v + 629. What is j(-116)?
-879
Let t(m) = -275*m**2 + 6331*m - 154. What is t(23)?
-16
Let v(q) = -13224*q + 264570. Determine v(20).
90
Let h(z) = 2*z**2 - 14111*z + 183273. Determine h(13).
168
Let j(z) = 11*z**2 - 342*z - 86. Calculate j(30).
-446
Let q(i) = -i**3 + 165*i**2 + 2246*i + 12126. Calculate q(178).
22
Let y(s) = -s**2 + 75*s - 561. Give y(22).
605
Let t(d) = d**3 - 9*d**2 + 1612*d - 727. Calculate t(0).
-727
Let a(l) = l**3 - 22*l**2 - 230*l - 406. Determine a(-9).
-847
Let t(m) = -8*m**2 + 212*m - 596. Give t(3).
-32
Let p(i) = i**3 + 35*i**2 - 2380*i - 81934. Determine p(-34).
142
Let t(n) = -n**3 + 29*n**2 - 24*n + 59. What is t(3)?
221
Let s(t) = -4*t**2 - 5354*t - 151898. Calculate s(-29).
4
Let m(x) = x**3 + 14*x**2 + 20*x - 237. Determine m(-8).
-13
Let m(u) = -45*u**2 - 1593*u + 78252. Calculate m(-63).
6
Let f(d) = d**3 + 288*d**2 - 18463*d + 1706. Give f(-342).
-4
Let l(v) = v**3 -